 Give v(u).
8
Let k be ((-6)/(-4))/(16/32). Suppose 5*h = -2*b - 32, b - h - k = -5. Let u(f) = -f**2 - 6*f - 1. Determine u(b).
-1
Let n(z) = z**2 + 8*z + 7. Suppose 2*i + w - 9 = 0, -7*w + 21 = 4*i - 2*w. Suppose i*p = p - 21. Calculate n(p).
0
Let g(x) = 18*x**2 - 3*x - 1 - 2 - 12*x**2. Give g(-1).
6
Let c(q) = -q**3 + 36. Let r = 1213 + -1213. Determine c(r).
36
Let i be 33/(-12) + 1/(-4). Let x(a) be the first derivative of 1/2*a**2 - 4*a + 1/3*a**3 - 22. What is x(i)?
2
Let t = -1213 - -1215. Let f(c) be the second derivative of c**6/360 - c**5/40 - c**4/12 - 2*c. Let h(v) be the third derivative of f(v). Give h(t).
1
Let k(x) = -13*x - 2 - 2 + 2. Let h(w) be the third derivative of -19*w**4/12 - 7*w**3/6 - 22*w**2. Let d(q) = -2*h(q) + 7*k(q). Calculate d(1).
-15
Let g(b) = b + 7. Let p(d) = -2*d - 24. Let l(c) = -7*g(c) - 2*p(c). Let t(w) = -2*w + w - 3 + 2. Let r(u) = -4*l(u) + 7*t(u). Determine r(2).
7
Let p(q) = 4*q. Suppose 5*i = -48 + 133. Suppose 0 = z - 4*w + 4, z + 0*w + 3*w - i = 0. Let t = z - 9. Give p(t).
-4
Let p(g) = 4*g - 5 + 14 + 0*g - g**2. Let y be p(5). Let i(r) = 4*r - 3*r - y + 2 + r. Calculate i(4).
6
Let q be (-5)/35 - (-1)/7. Let n(p) be the second derivative of -4*p + 0 + 1/6*p**3 + 0*p**2. Determine n(q).
0
Let x(z) = -5*z**2 - 2*z - 2. Let h = -43 + 34. Let w(u) = -11*u**2 - 3*u - 4. Let o(f) = h*x(f) + 4*w(f). Determine o(-4).
-6
Suppose j = x + 5, -j = 8*x - 11*x + 3. Let i(k) = 3*k**2 - 26*k - 14. Calculate i(j).
-5
Let c = -51 - -56. Suppose -s - 3*u = -0*s, c*s + 10 = -5*u. Let g(p) = p**3 + 3*p**2 - p + 3. Give g(s).
6
Let a(f) = -f**2 - 1 + 3*f - f**3 - 4 + 4*f**2. Suppose 64 = -210*n + 226*n. What is a(n)?
-9
Let y(q) = q + 3. Let h(n) = -n. Let z be h(7). Let a(j) = 2*j + 10. Let k be a(z). Let v be y(k). Let p(d) = 10*d**2 - d - 1. Give p(v).
10
Suppose 3*t = 2*p - 33, -5*p = -2*p - 9. Let y = 14 + t. Let m(n) = 2*n + y - 4 - 3 + 3*n**2 - 2*n**2. Calculate m(-4).
6
Let n(d) be the third derivative of -d**6/120 + d**4/24 - d**3/6 + 5*d**2 - 5*d. Calculate n(0).
-1
Let w(n) = 2429*n + 18*n**2 - 2432*n - 21*n**2. What is w(-4)?
-36
Suppose f - 2*f + 2*r + 11 = 0, -2*r = 4*f - 24. Let o = -1 + f. Suppose 4*y + 2*c = -o + 4, 3*c = 4*y + 17. Let p(j) = 2*j**3 + 2*j**2 - j - 2. Determine p(y).
-8
Let h(s) = 4269*s + 24 - 2138*s - 2137*s. Give h(11).
-42
Let a(x) = -x**3 + 6*x**2 + x - 8. Suppose 4*h = -5*s + 14, 2*s + 3*h = 5*h + 20. Calculate a(s).
-2
Let f(x) = -3*x. Let q(i) = -2*i + 3. Let s(k) = -6*f(k) + 10*q(k). Give s(10).
10
Let d(s) = -5*s**2 + 17*s + 12. Let y(h) be the third derivative of -h**5/60 + h**4/24 + h**3/6 + 14*h**2. Let w(r) = d(r) - 6*y(r). Calculate w(-10).
-4
Let c = 275 + -281. Let r(o) = o**2 + 6*o - 7. Determine r(c).
-7
Suppose 3*w - 5*w + 2 = 0. Let x be 68/10 + (-1)/(-5). Let g(h) = 1 + x*h - w. Calculate g(-1).
-7
Let b = -3 - -8. Let n(o) be the third derivative of -o**6/120 + o**5/10 - o**4/12 + 7*o**3/6 + 4261*o**2. Give n(b).
22
Let x(c) = c**2 - 2*c. Let m be 8/(-1 - ((0 - 1) + -2)). Suppose -3*v = -5*v - 5*w + 11, 2*v = -m*w + 8. Calculate x(v).
8
Let c(k) = -8*k. Suppose -87 = 34*n - 5*n. Let l(a) be the third derivative of a**6/120 + a**5/15 + 5*a**4/24 + 2*a**3/3 + a**2. Let h be l(n). Give c(h).
16
Let f be (-5 - (0 + 4) - -3)/2. Let l(k) = 3*k**3 - k**2 - 5*k + 1. Let n(u) = -5*u**3 + u**2 + 8*u - 2. Let j(w) = 8*l(w) + 5*n(w). What is j(f)?
-2
Suppose -3*z + 346 - 352 = 0. Let c(n) = -n**3 - 2*n**2 + 2*n + 1. Give c(z).
-3
Suppose 0 = 151*v - 148*v - 15. Let f(g) = -g**2 + 3*g + 6. Determine f(v).
-4
Let n = -100 + 102. Let b(a) = 14*a + 17*a - a**n - 1 - 29*a. Give b(4).
-9
Let p(k) = k**2 + 4*k + 8. Let s(g) = g**2 + 5*g + 8. Let q(j) = -2*p(j) + 3*s(j). Calculate q(-6).
2
Let j(h) = -41*h + 294. Let a be j(7). Let w(b) = b**3 - 8*b**2 - b + 5. What is w(a)?
-51
Let b(n) = 2*n - 3. Let d be b(2). Let i(y) = y**2 + 1. Let p(z) = -2*z**2 - 2*z - 2. Let x(m) = 3*i(m) + p(m). What is x(d)?
0
Let g(i) = 3*i + 2. Suppose -2*j - 5 = 3. Give g(j).
-10
Let p(n) = 21*n**2 + 1. Let i(u) = -72*u**2 + u - 3. Let j(g) = 2*i(g) + 7*p(g). Let s(v) = v**3 - 6*v**2 + 6*v - 3. Let f be s(5). What is j(f)?
17
Let v(n) = 6*n**2 + 4*n - 10. Let b(z) = z**2 - 3*z - 7. Let g be b(4). Let x(c) = 2*c + 2 - 3 - c - 1 + c**2. Let p(f) = g*v(f) + 16*x(f). What is p(2)?
-2
Let z = -1 - 5. Let b(g) = 0*g**3 - 6*g**2 - 9*g - g**3 + 6*g + 4*g - 1. Determine b(z).
-7
Let b = 3 + -5. Let m be (4/6)/b*-21. Let j(y) = 8*y**2 - y**2 + 2*y**3 + 8 - y - 3*y**3. What is j(m)?
1
Let w(c) = 5*c**2 + 24*c + 29. Let u(v) = -2*v**2 - 8*v - 10. Let z(j) = -8*u(j) - 3*w(j). Calculate z(8).
-7
Let d(l) = 4*l - 7. Let o(b) = 3*b - 6. Let s(m) = -4*d(m) + 5*o(m). Let q(p) = 1. Let x(c) = 7*q(c) + 3*s(c). Calculate x(-5).
16
Let r(p) be the third derivative of -p**5/60 + p**4/24 + p**3/3 + 288*p**2 - 1. Determine r(2).
0
Let m(v) = v**3 - 6*v**2 - 3*v + 8. Let z(q) be the first derivative of q**3/3 + 6*q + 9. Let o be z(0). Determine m(o).
-10
Let f(d) = d**2 - d - 6. Let y be f(6). Suppose y = 2*m - 5*m. Let s = 12 + m. Let w(g) = 2*g - 1. Determine w(s).
7
Suppose -28*y + 112 = -12*y. Let g(j) = -2*j + 12. Calculate g(y).
-2
Let a(x) = x + 5. Let t(i) be the third derivative of i**4/24 + 2*i**3/3 - 15*i**2. Let c(z) = 7*a(z) - 6*t(z). Give c(0).
11
Suppose 0*j - j + 27 = 3*h, 2*j - 49 = -5*h. Suppose -z + j = 3*y - 5, z = 4*y - 18. Let g(d) = -z*d**3 - 2*d**2 - 4*d + 6*d + 1 - 3*d. Determine g(-2).
11
Let h(d) = -2*d + 5. Let w be (-37)/7 - 8/(-28). Let p = w + -6. Let n(x) = x + 16. Let m be n(p). What is h(m)?
-5
Let d(i) = 2*i. Let n(c) = c - 10. Let g be n(12). Let j = g + 1. Let h(w) = w - 4. Let t be h(j). What is d(t)?
-2
Suppose 0 = -17*w + 10*w + 49. Let u(x) = 3 - w + 10 - x. What is u(6)?
0
Let r = -15828 + 15835. Let m(f) = f**2 - 7*f - 7. Let n(g) = 4*g**2 - 28*g - 27. Let j(z) = -9*m(z) + 2*n(z). Calculate j(r).
9
Let c(u) = -u**2 + 6*u + 3. Suppose 3*y = -2*r + 37, -5*y + 0*r + 61 = 4*r. Let x be 30/(-4)*(-24)/10. Let z = x - y. Calculate c(z).
8
Let c(k) = -k**3 + 3*k**2 - 4. Let j be -21 - 0 - (6 - 8). Let p be j/(-114) + 58/12. Let i(f) = f**3 - 6*f**2 + 5*f + 4. Let a be i(p). Calculate c(a).
-20
Suppose 4*f + 10 = -f. Let j(u) = u**3 + 3*u**2 + u - 2. Calculate j(f).
0
Let d(z) = -2*z**3 + 6 - 4*z**2 - 10*z**2 - 3*z + 19*z**2 + z**3. Let j(c) = c**3 - 6*c**2 + 4*c - 6. Let y be j(5). Let p = y - -15. Determine d(p).
10
Let y(z) = 47*z + 49*z - 109*z. Suppose 11 = 2*r + 7. Determine y(r).
-26
Let o(l) = 9*l**2 + 57 + 58 - 38*l**2 - 116. Give o(-1).
-30
Let h(i) = -i**3 + 5*i**2 + 8*i - 9. Let v(x) = -x**3 + 3*x**2 - x + 1. Let q be v(2). Suppose -l - q = 3*s, 45 = 5*l - 11*s + 6*s. Give h(l).
3
Let a be (-10)/(-1)*3/6. Let n be 3/((-45)/(-40)) + 8/(-12). Let f(l) = -1 + 2*l**2 + l**2 + 3*l**n + l**3 - a*l**2. Calculate f(1).
1
Let r(f) = f**2 + 11*f + 14. Let t be r(-10). Let v(g) = 7*g - g - 3*g - t*g - 2. Determine v(7).
-9
Let s = 209 - 206. Let f(w) = w**3 - 5*w**2 + 3*w - 3. Let t(v) = 1. Let j(z) = -f(z) - 3*t(z). What is j(s)?
9
Let o(b) = 3*b + 2. Suppose 5*r - 3*r = 6. Let v(k) = 6*k - r*k + k**3 + 2*k**2 - 3 + 4. Let w be v(-2). Determine o(w).
-13
Let b(s) = s + 9. Suppose -9*v + 6*v = -6. Suppose a + 1 = 2*u - v, 2*a + 4 = 5*u. Determine b(a).
2
Let y(l) be the second derivative of -l**3/6 - 3*l**2/2 + 4*l - 18. Let b(d) = -d**3 - 7*d**2 - 5*d - 3. Let i be b(-6). Calculate y(i).
6
Let u(d) be the first derivative of -d**3/3 + 7*d**2/2 + 9*d - 128. Give u(8).
1
Let v be (14 + -16)*1/(-2). Suppose -4*s - 6 = 14, s - v = -2*d. Let f(q) be the third derivative of -5*q**4/24 + q**3/3 + q**2. Determine f(d).
-13
Let u(h) = h**3 - 5*h**2 + 2*h + 2. Suppose 3*o - 3*v = v - 1, -o + 21 = 4*v. What is u(o)?
12
Suppose -3*l - 20 = -7*l. Let k(n) = -7*n**3 - 4*n**2 + 10*n + 1. Let x(m) = -4*m**3 - 2*m**2 + 5*m. Let s(q) = l*x(q) - 3*k(q). What is s(-3)?
3
Suppose -m = -4*m. Let u(s) = -23*s - 6 - 30 - 6 + 45 + 22*s. Give u(m).
3
Suppose 0 = -5*w + 4*k + 1313, k = -2*w - 3*w + 1328. Let m(y) = -269*y - y**2 + w*y + 1 - 1. Determine m(-4).
0
Let h be 7/(42/30) - 0. Let v(q) = -2*q + 5. Calculate v(h).
-5
Let s(l) = l + 1. Let g(i) = i**2 - 6*i + 9. Let m(b) = -g(b) + 2*s(b). Let h be (-1